False
Does 53 divide 3604?
True
Does 211 divide 3798?
True
Does 48 divide 6727?
False
Is 36 a factor of 30888?
True
Does 3 divide 39?
True
Is 361 a multiple of 19?
True
Does 2 divide 37?
False
Is 5112 a multiple of 31?
False
Does 102 divide 649?
False
Is 586 a multiple of 55?
False
Is 92 a factor of 3772?
True
Is 673 a multiple of 7?
False
Does 14 divide 1302?
True
Does 26 divide 104?
True
Is 269 a multiple of 18?
False
Is 8 a factor of 3442?
False
Is 4806 a multiple of 71?
False
Is 2149 a multiple of 6?
False
Is 2217 a multiple of 70?
False
Does 14 divide 252?
True
Does 27 divide 1512?
True
Does 4 divide 1172?
True
Is 42 a factor of 728?
False
Is 8894 a multiple of 43?
False
Is 4 a factor of 6?
False
Is 48 a factor of 480?
True
Is 36 a factor of 52200?
True
Is 164 a factor of 820?
True
Does 86 divide 11680?
False
Is 2 a factor of 804?
True
Is 100 a multiple of 20?
True
Does 54 divide 40471?
False
Does 4 divide 172?
True
Does 106 divide 119999?
False
Is 4254 a multiple of 6?
True
Does 3 divide 1235?
False
Does 5 divide 285?
True
Is 240 a multiple of 16?
True
Is 4992 a multiple of 96?
True
Does 20 divide 1060?
True
Is 201 a factor of 4020?
True
Is 270 a multiple of 15?
True
Is 155 a factor of 1577?
False
Is 470 a multiple of 10?
True
Is 15868 a multiple of 106?
False
Does 2 divide 669?
False
Is 2946 a multiple of 14?
False
Does 4 divide 67?
False
Does 15 divide 1994?
False
Is 12 a factor of 384?
True
Is 396 a multiple of 11?
True
Is 28 a factor of 10668?
True
Is 1340 a multiple of 8?
False
Is 33 a factor of 33?
True
Is 6960 a multiple of 145?
True
Is 78 a factor of 3380?
False
Does 95 divide 1900?
True
Is 11609 a multiple of 47?
True
Is 25 a factor of 4002?
False
Does 66 divide 4791?
False
Is 2778 a multiple of 12?
False
Does 13 divide 156?
True
Is 52 a factor of 11061?
False
Is 12 a factor of 9521?
False
Is 18 a factor of 6084?
True
Is 1813 a multiple of 49?
True
Is 253 a multiple of 16?
False
Does 7 divide 791?
True
Does 15 divide 17160?
True
Is 16 a factor of 18480?
True
Is 18203 a multiple of 21?
False
Is 31720 a multiple of 46?
False
Is 706 a multiple of 84?
False
Is 2532 a multiple of 12?
True
Does 13 divide 33475?
True
Is 148 a factor of 4269?
False
Is 6264 a multiple of 24?
True
Is 980 a multiple of 35?
True
Does 27 divide 1170?
False
Does 35 divide 490?
True
Is 32 a factor of 128?
True
Does 63 divide 12587?
False
Is 70 a factor of 3290?
True
Does 9 divide 11015?
False
Does 4 divide 912?
True
Does 17 divide 7548?
True
Is 206 a multiple of 13?
False
Does 7 divide 50489?
False
Is 27 even?
False
Is 23 a factor of 3793?
False
Is 26 a factor of 6855?
False
Does 4 divide 214?
False
Does 17 divide 1075?
False
Does 25 divide 5250?
True
Does 76 divide 12996?
True
Is 10 a factor of 12251?
False
Is 27280 a multiple of 131?
False
Does 145 divide 71537?
False
Is 1716 a multiple of 26?
True
Is 8685 a multiple of 3?
True
Is 846 a multiple of 3?
True
Is 14 a factor of 17248?
True
Does 18 divide 9860?
False
Does 44 divide 118478?
False
Is 27982 a multiple of 17?
True
Is 22 a factor of 11044?
True
Is 1408 a multiple of 128?
True
Is 9 a factor of 29?
False
Does 12 divide 34338?
False
Does 33 divide 1364?
False
Is 1320 a multiple of 6?
True
Is 12378 a multiple of 13?
False
Is 60380 a multiple of 58?
False
Is 16 a factor of 1121?
False
Is 2 a factor of 867?
False
Is 102 a multiple of 3?
True
Is 26200 a multiple of 100?
True
Is 5 a factor of 985?
True
Is 6 a factor of 397?
False
Does 13 divide 7501?
True
Is 66286 a multiple of 262?
True
Is 172 a factor of 13588?
True
Is 21924 a multiple of 33?
False
Is 33040 a multiple of 8?
True
Is 4 a factor of 473?
False
Is 13 a factor of 2008?
False
Does 14 divide 14882?
True
Does 16 divide 44774?
False
Is 12 a factor of 252?
True
Is 8 a factor of 9032?
True
Does 68 divide 1496?
True
Is 5 a factor of 497?
False
Does 30 divide 40166?
False
Is 10 a factor of 10871?
False
Is 658 a multiple of 33?
False
Is 2736 a multiple of 36?
True
Is 27 a factor of 13014?
True
Is 1419 a multiple of 67?
False
Is 767 a multiple of 27?
False
Does 166 divide 10208?
False
Is 150 a multiple of 10?
True
Is 229 a multiple of 3?
False
Is 31769 a multiple of 11?
False
Is 2 a factor of 500?
True
Is 30 a factor of 599?
False
Does 37 divide 11346?
False
Is 99 a factor of 2087?
False
Is 56 a factor of 2576?
True
Is 9717 a multiple of 123?
True
Is 832 a multiple of 20?
False
Is 127 a factor of 6096?
True
Is 304 a multiple of 16?
True
Is 30 a factor of 6137?
False
Is 12 a factor of 192?
True
Is 5846 a multiple of 10?
False
Is 24 a factor of 744?
True
Is 13 a factor of 2083?
False
Does 67 divide 48910?
True
Is 10 a factor of 47070?
True
Is 93912 a multiple of 24?
True
Is 47270 a multiple of 58?
True
Does 25 divide 3802?
False
Is 345 a multiple of 2?
False
Does 17 divide 3264?
True
Is 2221 a multiple of 54?
False
Is 66 a factor of 430?
False
Is 15 a factor of 663?
False
Does 5 divide 1328?
False
Does 5 divide 455?
True
Is 14496 a multiple of 69?
False
Does 21 divide 1488?
False
Is 34 a factor of 1598?
True
Does 29 divide 957?
True
Does 18 divide 2718?
True
Is 318 a multiple of 28?
False
Is 107 a factor of 25894?
True
Is 188 a multiple of 47?
True
Is 9943 a multiple of 163?
True
Is 7410 a multiple of 195?
True
Does 357 divide 31908?
False
Does 9 divide 42993?
True
Is 19 a factor of 133?
True
Is 35 a factor of 5833?
False
Does 9 divide 1185?
False
Is 2295 a multiple of 57?
False
Is 4350 a multiple of 10?
True
Does 12 divide 11084?
False
Is 68045 a multiple of 31?
True
Does 8 divide 1016?
True
Is 87326 a multiple of 47?
True
Is 990 a multiple of 33?
True
Does 18 divide 11541?
False
Is 2438 a multiple of 23?
True
Is 48 a factor of 17664?
True
Does 75 divide 975?
True
Does 2 divide 27?
False
Does 16 divide 493?
False
Does 10 divide 820?
True
Does 13 divide 602?
False
Does 33 divide 3692?
False
Is 7825 a multiple of 25?
True
Is 10 a factor of 66960?
True
Does 51 divide 153?
True
Is 1375 a multiple of 125?
True
Is 12 a factor of 5073?
False
Does 68 divide 5032?
True
Does 20 divide 2762?
False
Is 30 a multiple of 13?
False
Is 19768 a multiple of 28?
True
Does 8 divide 10040?
True
Is 11542 a multiple of 29?
True
Is 24225 a multiple of 25?
True
Is 9035 a multiple of 65?
True
Is 8 a factor of 12992?
True
Is 11212 a multiple of 7?
False
Is 30600 a multiple of 50?
True
Is 3872 a multiple of 11?
True
Does 16 divide 11376?
True
Is 480 a multiple of 16?
True
Does 55 divide 4730?
True
Is 33 a factor of 2033?
False
Is 5888 a multiple of 23?
True
Is 16 a factor of 3160?
False
Does 9 divide 5112?
True
Is 8798 a multiple of 19?
False
Is 415 a multiple of 13?
False
Is 236 a factor of 54752?
True
Is 37 a factor of 29748?
True
Is 83352 a multiple of 46?
True
Is 91 a factor of 59691?
False
Is 1368 a multiple of 36?
True
Is 470 a multiple of 12?
False
Is 14 a factor of 3817?
False
Is 2 a factor of 420?
True
Is 13 a factor of 247?
True
Is 71450 a multiple of 101?
False
Does 143 divide 6837?
False
Does 8 divide 732?
False
Is 6222 a multiple of 61?
True
Is 6153 a multiple of 79?
False
Is 18 a factor of 1129?
False
Is 13 a factor of 158?
False
Is 139 a factor of 1459?
False
Does 23 divide 2967?
True
Does 71 divide 11786?
True
Is 3169 a multiple of 6?
False
Is 492 a multiple of 41?
True
Is 84 a factor of 39078?
False
Is 21 a factor of 261?
False
Is 9 a factor of 3102?
False
Is 5347 a multiple of 6?
False
Is 34 a factor of 2482?
True
Is 118 a multiple of 15?
False
Does 3 divide 6844?
False
Is 947 a multiple of 59?
False
Is 12624 a multiple of 12?
True
Does 24 divide 9171?
False
Is 13 a factor of 4017?
True
Is 37 a factor of 2960?
True
Is 1695 a multiple of 93?
False
Is 63 a factor of 2330?
False
Does 16 divide 3392?
True
Does 11 divide 19052?
True
Is 688 a multiple of 4?
True
Does 20 divide 19895?
False
Does 33 divide 66157?
False
Is 98 a factor of 8373?
False
Does 137 divide 16851?
True
Is 39 a factor of 2591?
False
Is 4984 a multiple of 14?
True
Is 9 a factor of 36?
True
Is 2 a factor of 7308?
True
Is 2173 a multiple of 9?
False
Is 95 a factor of 7077?
False
Is 57 a factor of 27237?
False
Is 106 a factor of 49109?
False
Does 13 divide 15876?
False
Is 10482 a multiple of 18?
False
Does 12 divide 8397?
False
Does 120 divide 36208?
False
Is 60 a factor of 120?
True
Is 213 a factor of